late the greatest common factor of 882 and 8397522.
882
Calculate the highest common divisor of 3977 and 194.
97
Calculate the greatest common factor of 2748 and 597003.
687
Calculate the highest common divisor of 15979 and 27550.
551
What is the highest common divisor of 2226432 and 78?
78
What is the greatest common factor of 32043 and 33?
33
What is the highest common factor of 27 and 18378?
9
What is the highest common factor of 562 and 26?
2
Calculate the highest common factor of 335 and 1745.
5
Calculate the highest common divisor of 86008 and 24.
8
Calculate the greatest common divisor of 46644 and 184.
92
Calculate the highest common factor of 15893 and 69.
23
What is the greatest common divisor of 64675 and 50?
25
What is the highest common divisor of 716 and 55311?
179
Calculate the greatest common factor of 28219 and 1.
1
Calculate the highest common divisor of 475684 and 646.
38
What is the greatest common factor of 1272675 and 75?
75
What is the greatest common divisor of 1900 and 1292?
76
Calculate the greatest common factor of 3465 and 11.
11
What is the highest common factor of 72 and 144252?
36
What is the greatest common divisor of 57726 and 162?
54
What is the greatest common divisor of 212 and 1830461?
53
What is the greatest common divisor of 30858 and 3330?
222
Calculate the greatest common factor of 432 and 3084.
12
Calculate the greatest common divisor of 2355 and 347755.
785
Calculate the greatest common factor of 121 and 4037.
11
What is the greatest common divisor of 7223 and 42872?
233
What is the greatest common factor of 1729 and 44707?
247
Calculate the highest common divisor of 364 and 24947.
13
What is the greatest common factor of 516 and 1017939?
129
Calculate the highest common divisor of 805 and 3611.
23
What is the highest common factor of 560222 and 26?
26
Calculate the highest common factor of 105782 and 1864.
466
What is the greatest common factor of 2784 and 78126?
174
What is the highest common divisor of 420 and 1060?
20
Calculate the greatest common divisor of 30629 and 763.
109
What is the greatest common divisor of 130 and 3161002?
26
Calculate the highest common divisor of 304 and 130264.
152
Calculate the highest common divisor of 104 and 1868958.
26
Calculate the highest common divisor of 522261 and 3335.
667
Calculate the highest common factor of 3776 and 57230.
118
Calculate the greatest common divisor of 208 and 123968.
208
What is the greatest common divisor of 241941 and 5904?
123
What is the greatest common factor of 144 and 7412112?
144
What is the highest common factor of 34006 and 14994?
98
Calculate the highest common divisor of 3704 and 4824.
8
What is the highest common factor of 10341 and 1404?
27
Calculate the highest common divisor of 4998 and 2262666.
714
Calculate the greatest common divisor of 76880 and 64.
16
What is the greatest common divisor of 18775 and 2975?
25
What is the greatest common divisor of 1632532 and 4356?
484
What is the highest common divisor of 19757 and 23?
23
Calculate the highest common divisor of 1411 and 153.
17
What is the highest common factor of 1311 and 7809?
57
Calculate the greatest common factor of 492 and 1458534.
246
Calculate the highest common divisor of 126238 and 56.
14
What is the highest common divisor of 47 and 63497?
47
Calculate the greatest common factor of 570 and 2130.
30
Calculate the highest common divisor of 49724 and 248.
124
Calculate the greatest common factor of 5592 and 2422734.
1398
What is the highest common factor of 167 and 4636421?
167
What is the greatest common factor of 25379 and 123?
41
Calculate the highest common divisor of 14758 and 6862.
94
Calculate the highest common divisor of 155890 and 153.
17
What is the greatest common divisor of 252754 and 774?
86
What is the highest common divisor of 608 and 42496?
32
Calculate the greatest common divisor of 197654 and 148.
74
Calculate the highest common divisor of 892311 and 21.
21
Calculate the greatest common factor of 15812 and 134.
134
What is the greatest common factor of 2934822 and 106?
106
Calculate the highest common factor of 9067109 and 3034.
1517
Calculate the greatest common divisor of 774 and 18963.
387
Calculate the highest common divisor of 55404 and 1596.
228
What is the greatest common factor of 183977 and 2185?
437
What is the greatest common divisor of 28744 and 10?
2
What is the greatest common factor of 1125 and 19710?
45
What is the greatest common factor of 118643 and 833?
119
What is the greatest common factor of 1905 and 11520?
15
What is the greatest common divisor of 117 and 932763?
39
What is the highest common divisor of 700 and 1593200?
700
What is the greatest common divisor of 22 and 189266?
22
What is the greatest common factor of 8262 and 476280?
486
What is the greatest common divisor of 55998 and 413397?
1647
Calculate the greatest common factor of 69844 and 361.
19
Calculate the greatest common factor of 22049 and 323.
17
Calculate the highest common divisor of 4 and 94646.
2
What is the highest common divisor of 455 and 7345?
65
What is the greatest common divisor of 10791319 and 49?
49
What is the highest common factor of 448 and 2198?
14
What is the highest common divisor of 73822 and 70?
14
Calculate the highest common divisor of 217210 and 642.
214
Calculate the greatest common factor of 639 and 7486737.
213
Calculate the highest common divisor of 32946 and 114.
114
Calculate the greatest common factor of 78 and 3497.
13
Calculate the highest common factor of 950 and 1577.
19
What is the highest common factor of 144 and 1583856?
144
Calculate the highest common factor of 181450 and 382.
382
Calculate the greatest common factor of 55 and 2552.
11
What is the highest common divisor of 72 and 2271?
3
What is the highest common factor of 1592 and 35621?
199
Calculate the highest common factor of 161 and 6463.
23
What is the greatest common factor of 36822 and 136?
34
What is the highest common divisor of 40 and 123512?
8
What is the highest common factor of 6574 and 5017?
173
What is the greatest common factor of 3321 and 4671?
27
Calculate the highest common factor of 2877152 and 188.
188
Calculate the greatest common factor of 2 and 469466.
2
What is the highest common factor of 91104 and 14673?
219
What is the highest common divisor of 54 and 16335?
27
What is the highest common factor of 19261 and 2575?
103
Calculate the highest common divisor of 2811 and 177.
3
Calculate the highest common divisor of 484 and 85910.
242
Calculate the greatest common factor of 15 and 9705.
15
Calculate the greatest common factor of 99652 and 56.
28
Calculate the highest common divisor of 2349 and 5670.
81
What is the highest common divisor of 1308 and 690?
6
Calculate the highest common factor of 11130 and 2835.
105
What is the greatest common factor of 140 and 33985?
35
What is the greatest common factor of 175518 and 13426?
98
What is the greatest common divisor of 2484183 and 39?
39
Calculate the greatest common factor of 1108955 and 1285.
1285
What is the highest common factor of 476 and 6256?
68
What is the highest common factor of 98905 and 131?
131
What is the greatest common factor of 154 and 9317?
77
What is the highest common divisor of 44 and 5720?
44
What is the highest common factor of 32190 and 60310?
370
What is the greatest common factor of 1836 and 1314?
18
Calculate the greatest common factor of 321805 and 11.
11
What is the highest common divisor of 3719 and 34?
1
What is the highest common factor of 354 and 244142?
118
What is the greatest common divisor of 369 and 719222?
41
What is the highest common divisor of 2499 and 15657?
51
Calculate the greatest common divisor of 195 and 84045.
195
Calculate the highest common divisor of 171703 and 551.
19
What is the highest common factor of 513177 and 588?
147
What is the highest common factor of 12 and 84772?
4
What is the greatest common divisor of 178 and 359026?
178
Calculate the greatest common factor of 10829 and 289.
17
Calculate the highest common divisor of 1656 and 107870.
46
What is the highest common factor of 68 and 14144?
68
Calculate the highest common divisor of 25 and 26695.
5
What is the greatest common factor of 102221 and 119?
119
What is the greatest co